{"id":764,"date":"2024-03-29T13:51:24","date_gmt":"2024-03-29T18:51:24","guid":{"rendered":"https:\/\/tadushi.com\/?post_type=product&#038;p=764"},"modified":"2025-01-30T21:52:11","modified_gmt":"2025-01-31T02:52:11","slug":"vestido-de-tirantes-en-contraste-geometrico-cinta","status":"publish","type":"product","link":"https:\/\/tadushi.com\/index.php\/producto\/vestido-de-tirantes-en-contraste-geometrico-cinta\/","title":{"rendered":"Vestido de tirantes en contraste geom\u00e9trico cinta"},"content":{"rendered":"<div class=\"product-intro__description-table-item\" tabindex=\"0\" role=\"text\">\n<div class=\"key\">Color: Azul Marino<\/div>\n<div class=\"key\">Estilo: Casual<\/div>\n<div class=\"key\">Tipo de Estampado: Geom\u00e9trico<\/div>\n<div class=\"key\">Detalles: Cinta<\/div>\n<div class=\"key\">Escotilla: Tirantes finos<\/div>\n<div class=\"key\">Longitud de la Manga: sin mangas<\/div>\n<div class=\"key\">Tipo: Tirantes<\/div>\n<div class=\"key\">L\u00ednea del Talle de la Cintura: Natural<\/div>\n<div class=\"key\">Corte del bajo: Recta<\/div>\n<div class=\"key\">Longitud: Corto<\/div>\n<div class=\"key\">Tipo de ajuste: Regular<\/div>\n<div class=\"key\">Tejido: Estiramiento medio<\/div>\n<div class=\"key\">Material: Tela de punto<\/div>\n<div class=\"key\">Composici\u00f3n: 100% Viscosa<\/div>\n<div class=\"key\">Instrucciones de Cuidado: lavadora o limpieza en seco profesional<\/div>\n<div class=\"key\">Transparente: No<\/div>\n<\/div>\n<div>\n<table>\n<tbody>\n<tr>\n<td><strong>Talla<\/strong><\/td>\n<td><strong>Contorno caderas<\/strong><\/td>\n<td><strong>Contorno cintura<\/strong><\/td>\n<td><strong>Hombro<\/strong><\/td>\n<td><strong>Largo<\/strong><\/td>\n<td><strong>Largo de los tirantes<\/strong><\/td>\n<td><strong>Pecho<\/strong><\/td>\n<\/tr>\n<tr>\n<td><strong>Tall XS<\/strong><\/td>\n<td>102.00<\/td>\n<td>86.00<\/td>\n<td>38.00<\/td>\n<td>79.00<\/td>\n<td>20.50<\/td>\n<td>87.00<\/td>\n<\/tr>\n<tr>\n<td><strong>Tall S<\/strong><\/td>\n<td>106<\/td>\n<td>90<\/td>\n<td>39<\/td>\n<td>81<\/td>\n<td>21<\/td>\n<td>91<\/td>\n<\/tr>\n<tr>\n<td><strong>Tall M<\/strong><\/td>\n<td>110.00<\/td>\n<td>94.00<\/td>\n<td>40.00<\/td>\n<td>83.00<\/td>\n<td>21.50<\/td>\n<td>95.00<\/td>\n<\/tr>\n<tr>\n<td><strong>Tall L<\/strong><\/td>\n<td>116.00<\/td>\n<td>100.00<\/td>\n<td>41.50<\/td>\n<td>85.00<\/td>\n<td>22.30<\/td>\n<td>101.00<\/td>\n<\/tr>\n<tr>\n<td><strong>Tall XL<\/strong><\/td>\n<td>122.00<\/td>\n<td>106.00<\/td>\n<td>43.00<\/td>\n<td>87.00<\/td>\n<td>23.10<\/td>\n<td>107.00<\/td>\n<\/tr>\n<\/tbody>\n<\/table>\n<\/div>\n","protected":false},"excerpt":{"rendered":"<p>El vestido de tirantes en contraste geom\u00e9trico cinta es una prenda moderna y elegante que destaca por sus l\u00edneas y patrones geom\u00e9tricos<\/p>\n","protected":false},"featured_media":700,"comment_status":"open","ping_status":"closed","template":"","meta":[],"product_brand":[],"product_cat":[47,31],"product_tag":[],"class_list":{"0":"post-764","1":"product","2":"type-product","3":"status-publish","4":"has-post-thumbnail","6":"product_cat-vestido-de-tirantes","7":"product_cat-vestidos","9":"first","10":"instock","11":"sale","12":"shipping-taxable","13":"purchasable","14":"product-type-variable"},"aioseo_notices":[],"jetpack_sharing_enabled":true,"_links":{"self":[{"href":"https:\/\/tadushi.com\/index.php\/wp-json\/wp\/v2\/product\/764","targetHints":{"allow":["GET"]}}],"collection":[{"href":"https:\/\/tadushi.com\/index.php\/wp-json\/wp\/v2\/product"}],"about":[{"href":"https:\/\/tadushi.com\/index.php\/wp-json\/wp\/v2\/types\/product"}],"replies":[{"embeddable":true,"href":"https:\/\/tadushi.com\/index.php\/wp-json\/wp\/v2\/comments?post=764"}],"wp:featuredmedia":[{"embeddable":true,"href":"https:\/\/tadushi.com\/index.php\/wp-json\/wp\/v2\/media\/700"}],"wp:attachment":[{"href":"https:\/\/tadushi.com\/index.php\/wp-json\/wp\/v2\/media?parent=764"}],"wp:term":[{"taxonomy":"product_brand","embeddable":true,"href":"https:\/\/tadushi.com\/index.php\/wp-json\/wp\/v2\/product_brand?post=764"},{"taxonomy":"product_cat","embeddable":true,"href":"https:\/\/tadushi.com\/index.php\/wp-json\/wp\/v2\/product_cat?post=764"},{"taxonomy":"product_tag","embeddable":true,"href":"https:\/\/tadushi.com\/index.php\/wp-json\/wp\/v2\/product_tag?post=764"}],"curies":[{"name":"wp","href":"https:\/\/api.w.org\/{rel}","templated":true}]}}